 = x + 18. Let v(p) = -p**2 + 18*p + 26. Let g be v(k). What is the greatest common factor of g and 1?
1
Let a be 9/(27/960) - 0. Suppose a = 13*b - 5*b. Calculate the greatest common divisor of 10 and b.
10
Let f = -75 - -70. Let g be 3/f*(-23 - -18). What is the highest common factor of g and 30?
3
Let u(d) = -25*d + 273. Let o be u(9). Calculate the highest common divisor of 348 and o.
12
Let c be (-285)/5*(-2)/6. What is the highest common factor of c and 1216?
19
Let h(p) = 2*p**2 - 2*p - 1. Let y be h(-1). Suppose -5*q = -y*v - 2*v - 60, 0 = 4*v + 12. What is the greatest common divisor of q and 18?
9
Let u = -18 - -193. Let y = u - 71. Calculate the greatest common divisor of 13 and y.
13
Let b(f) = 3*f - 7. Let s be -4 + 2 - (1 - -1). Let o(q) = -q**3 - 4*q**2 - q - 1. Let p be o(s). Let c be b(p). What is the highest common factor of 16 and c?
2
Suppose -g - 5*w + 18 + 1 = 0, 5*w = 3*g + 3. Let p(q) = q**2 + 15*q - 27. Let n be p(-17). Suppose -n = -u - 6. Calculate the highest common factor of g and u.
1
Let s = -564 - -572. Calculate the highest common factor of s and 24.
8
Suppose -8*h = -9*h + 6. Suppose 4*s - h = 10. Suppose -s*b - b + 90 = 0. What is the greatest common divisor of 2 and b?
2
Let n = -91 - -178. Suppose 183 = 9*j - n. Calculate the greatest common divisor of 40 and j.
10
Let l be -2*5*(-92)/115. Suppose -5*d = -l*d + 42. What is the highest common factor of d and 182?
14
Let y = -61 - -81. What is the greatest common divisor of 130 and y?
10
Suppose -3*w + 39 = z - 2, 5*z - 51 = -4*w. Let x = 2 + -2. Suppose x*b - 28 = -2*b. Calculate the greatest common divisor of b and w.
14
Suppose 4*c = -2*u + 182, c = 4*u + 206 - 588. Let y = 60 - u. Let a = y + 59. What is the highest common factor of 3 and a?
3
Suppose 5*y + 5*v = 30, -2*y - v + 3 = -6. Let j = -3 + y. Suppose 5*x - 110 = -j*x. Calculate the highest common divisor of x and 88.
22
Let g(v) = -v**3 + 10*v**2 + 16*v - 19. Let z be g(11). What is the highest common divisor of 12 and z?
12
Suppose -20*x - 11*x + 3224 = 0. What is the greatest common divisor of x and 80?
8
Let u(r) = -3*r**2 + 28*r + 1. Let x be u(9). What is the highest common divisor of 290 and x?
10
Suppose -3*d + 200 = 107. Let a(s) = 2*s**3 + 2*s**2 - s + 2. Let r be a(-2). Let b be 5*(-2)/r*62. Calculate the highest common divisor of b and d.
31
Suppose 25 + 11 = 2*d. Suppose -4*w = -3 + 7. Let v(o) = -72*o**3 + o**2 + 3*o + 2. Let t be v(w). What is the highest common divisor of t and d?
18
Let n(o) = o**2 - 4. Let x be n(-3). Suppose x*b = 5*k + 10, 3*b - 4 = 5*b - 4*k. Calculate the greatest common factor of 4 and b.
2
Let c(m) = m**2 - 4*m - 6. Suppose -2*d = -10 - 20. Let z be 10/d - 16/(-3). Let h be c(z). Calculate the greatest common factor of 18 and h.
6
Let s be (1/3)/(5/255). Let d(x) = -2*x + 11. Let j be d(-3). What is the highest common divisor of j and s?
17
Let m(v) = -5*v + 1. Let h be m(1). Let t be 72 + (h - 8/(-3 - 1)). What is the highest common divisor of t and 20?
10
Suppose -2*v + 73 = 12*w - 7*w, -4*w - 100 = -5*v. What is the highest common divisor of 42 and v?
6
Let f = -55 - -100. Let q(a) = a**2 - 2*a**2 + 1 + 3*a**2. Let i be q(2). What is the highest common divisor of i and f?
9
Let d be (-128)/8*2/2*-1. Let h(r) = 6*r**2 + 4*r + 6. Let q be h(5). What is the greatest common factor of d and q?
16
Suppose -2*t + 6 = 4, 0 = 5*h - 2*t - 143. Suppose -66 = -6*k + 24. Suppose -h - k = -2*p. What is the highest common factor of 110 and p?
22
Suppose 9*d = 3*d + 24. Let i be (2/d*2)/(2/160). What is the highest common divisor of i and 60?
20
Suppose 32*k = 34*k - 30. Suppose -12*u = -k*u - 423. Let n = -37 - u. Calculate the highest common factor of 13 and n.
13
Suppose -851 = 36*x - 2651. Let n = -24 + 34. Calculate the greatest common factor of x and n.
10
Let s = 10 + -6. Suppose -5*m = y - 16, -4*m - y + 9 = -s. Suppose -c = -m*p - 222, 4*c + c + 4*p = 1072. What is the greatest common divisor of c and 24?
24
Suppose -5*b = 4*s + 28, -4*b - 18 = 5*s + 17. Let y be ((-2)/6)/(s/105). Let c(h) = -5*h + 45. Let g be c(8). What is the highest common factor of y and g?
5
Let k(z) = z**3 - 5*z**2 - 6*z + 8. Let t be k(6). Let j(y) = 5*y**2 - 11*y - 6. Let p be j(5). Calculate the highest common factor of p and t.
8
Let h(o) = -o**3 + 5*o**2 + 13*o - 19. Let d be h(6). Let m = d - 16. What is the highest common factor of 14 and m?
7
Let b be (-1 + 127)*4/24*32. What is the highest common divisor of b and 32?
32
Suppose p + 43 = -2*p - 2*f, 53 = -3*p - 4*f. Let w = 12 - p. What is the highest common factor of w and 69?
23
Suppose 0 = -0*l - 3*l + 33. Let f be (0 - -54) + (-1*2 - -3). What is the highest common divisor of f and l?
11
Let s = -3 + 3. Let n be 2/4*2 - s. Let i be (1 + 3 + 0)/n. Calculate the greatest common divisor of 28 and i.
4
Let w(r) = -6*r. Let p be w(-2). Let u(o) = -3*o**3 + 7*o**2 + 13*o + 6. Let v be u(-1). Calculate the highest common factor of v and p.
3
Suppose -7*o + 200 = -5*o. Let m = -36 + o. What is the greatest common divisor of 8 and m?
8
Let y be (14 - 16) + (-3)/(3/46). Let f = y + 73. Calculate the highest common factor of 10 and f.
5
Suppose -d - 14*d = -3060. Calculate the greatest common divisor of d and 36.
12
Suppose 2*s - 135 = 41. Calculate the greatest common divisor of 154 and s.
22
Suppose -7*t + 2*t - 3*z + 1268 = 0, -240 = -t - 4*z. Calculate the greatest common factor of 8 and t.
8
Let h(j) be the second derivative of -j**5/20 - 4*j**4/3 - 29*j**3/6 - 9*j**2/2 + 3*j. Let z be h(-14). Calculate the highest common factor of z and 125.
5
Suppose 5*w + 15 = -5*z, -11*w + 16*w + 19 = -z. Let i(a) = -a**3 - 4*a**2 - 2*a + 1. Let d be i(-4). What is the greatest common factor of d and z?
1
Let b(t) = -3*t**3 - t**2 + 2*t + 38. Let n be b(-6). What is the highest common divisor of 22 and n?
22
Let y = 72 - 54. Let t = -77 + 239. Calculate the highest common divisor of t and y.
18
Let p be ((-20)/(-1 + 2))/((-30)/90). Let i = p - 58. What is the highest common factor of 5 and i?
1
Let f be (45/(-2))/(-1*3/4). Suppose 5*z - 1 = 19. Suppose 51 = 2*s - z*t + 7, -5*s = -2*t - 70. What is the highest common divisor of f and s?
6
Let p = 165 - -7. Suppose -3*h - 5*g + p = 0, 0 = 2*h + 2*g + 13 - 125. Calculate the greatest common divisor of 18 and h.
18
Let h = -94 + 270. Suppose -h = -3*f + 184. Suppose 2*u - 72 = -u. Calculate the greatest common factor of f and u.
24
Let y(h) = -5*h**3 - 86*h**2 - 22*h - 25. Let x be y(-17). What is the highest common factor of x and 400?
20
Let b = 1 - 4. Let a = 0 - b. Suppose -313 = w - 4*w - h, -2*w = a*h - 204. What is the highest common divisor of w and 15?
15
Let i(v) = -4*v**2 - 17*v - 1. Let r be i(-4). Suppose -2*k + 389 = 4*q - 465, 3*q + r*k = 636. What is the greatest common factor of q and 43?
43
Let l = 16 - 4. Let i be (l/24)/(1/54). Let m be 976/56 + (-8)/(-14). Calculate the greatest common factor of i and m.
9
Suppose 5*p = -2*a + 124, -2*a + 4*p + 40 = -120. Calculate the highest common divisor of a and 216.
72
Let y(g) = -280*g - 208. Let a be y(-4). Calculate the greatest common divisor of a and 57.
57
Let f(m) = -8*m - 18. Let p be f(-4). Let o be 216/21 - (-2)/(-7). Let l be -1 + -4 + 2 + o. Calculate the greatest common divisor of p and l.
7
Let l be 20*1/(5/72). Suppose -3*z - l = -7*z. What is the greatest common divisor of z and 18?
18
Let f be (-33)/(-55) - (-7)/5. Suppose 0 = -f*x - 4 - 4. Let w be ((-36)/(-6))/((-6)/x). What is the highest common factor of 8 and w?
4
Let b be 6 + 589 + 2 + 3. Calculate the highest common factor of b and 6.
6
Suppose 0 = 7*o - 8*o + 4. Calculate the highest common divisor of 196 and o.
4
Suppose -6 = 3*l, 25 = v - 5*l + 6. Suppose 2*o + o - v = 0. Let u be (-5)/(-2) - o/6. Calculate the highest common factor of 14 and u.
2
Let q(n) = n**2 - n + 24. Let v be q(-9). Calculate the highest common divisor of 38 and v.
38
Suppose 5*h - 1387 = 623. What is the greatest common divisor of h and 6?
6
Suppose 0*b + 144 = 2*b. Suppose 5*d + b = 6*d. What is the highest common divisor of d and 180?
36
Suppose 50 + 172 = 2*u. Let d = u - -32. Suppose -s + 3*o - 64 = -5*s, 5*s - 61 = o. Calculate the highest common factor of s and d.
13
Suppose -c